?
5
What is the units digit of ((-20)/(-15))/((-22)/(-54153))?
2
What is the thousands digit of 59172/((1/5)/((-2)/(-15)))?
9
Suppose -62832 = 16*v - 123*v - 97*v. What is the tens digit of v?
0
Suppose -4*k - 3*b = -44183, 66277 = 6*k - 59*b + 64*b. What is the thousands digit of k?
1
Suppose -1871 + 12671 = 6*h. Let m = 4835 - h. What is the units digit of m/45 - (-12)/(-27)?
7
Let p(s) = s**3 + 15*s**2 - 31*s + 30. Let k be p(-15). Suppose -4*g - 405 = -4*f - 2361, -g + k = -3*f. What is the units digit of g?
6
Let a(m) = 2*m**2 - 47*m + 28. Let y be a(23). Suppose -4*s - r = -4895, -y*s = -4*s + r - 1220. What is the units digit of s?
5
Suppose 0 = 5*z + 88 - 78. Let a = 159 + z. What is the units digit of a?
7
Suppose 2*h = 2, -5*j - 4*h = -1 - 123. Let f = 632 - j. What is the hundreds digit of f?
6
Let y(j) = 114*j + 30. Let r be y(-6). Let q = -268 - r. What is the tens digit of q?
8
Let t(a) = -2*a + 2. Let r = -27 + 32. Let b be t(r). What is the tens digit of ((-12)/b)/((-4)/(-144))?
5
Suppose -32*u = 40*u - 81*u. Suppose -38*j + 8214 + 36854 = u. What is the hundreds digit of j?
1
What is the thousands digit of 1607 - (-6)/(-3) - 3*17/(-17)?
1
Suppose 0 = 170*u - 166*u - 7020. Let y = u - 719. What is the units digit of y?
6
Let h(r) = 1183*r**2 + 40*r - 82. What is the hundreds digit of h(3)?
6
Let k = -26 - -392. Suppose 2*m - k = -c, -1490 = -4*c - m + 6*m. What is the units digit of c?
0
Let a(q) = -450*q - 16. What is the hundreds digit of a(-43)?
3
Let s(l) = -3*l + 6. Let o be s(0). Suppose 4*c = 6*c - o. Suppose -144 = n - c*n + 4*z, -5*n + 404 = z. What is the units digit of n?
0
What is the hundreds digit of ((-21)/9)/((-26347382)/1549839 + 17)?
3
Let d(z) = 29*z**2 - z + 6. Let a(y) = -30*y**2 + y - 6. Let v(s) = -4*a(s) - 3*d(s). Let m be v(-3). Let t = -155 + m. What is the hundreds digit of t?
1
Let w(p) = -p**2 - 29*p - 48. Let v be w(-27). Let h be v/(-16) + 81/24. Suppose -3*a = -h*m - 6*a + 51, -5*m = -2*a - 85. What is the units digit of m?
7
Let y(z) = 31*z**3 - 6*z**2 + 26*z - 101. Suppose 15*x + 88 = 37*x. What is the hundreds digit of y(x)?
8
Suppose i + 3*g - 8 = 0, 4*i + 4*g = -g + 18. Let l(p) = -p - 2 + i*p**2 + 3*p**2 + 5. What is the units digit of l(-2)?
5
Suppose -19*d - 50 = -24*d. Let z(l) be the second derivative of l**5/20 - 5*l**4/6 + l**3/2 - 3*l**2/2 - 4*l. What is the units digit of z(d)?
7
Let n = -225 - -408. Let y = n - -265. What is the units digit of y?
8
Suppose -2*y + s + 12 = y, -4*s = 0. What is the units digit of y/6*(-3 - 3585/(-10))?
7
What is the ten thousands digit of 4/40 - 5101990/(-100)?
5
What is the units digit of 153655/45 + 8/18?
5
Suppose -5*x + 3735 = 2*v - 2590, -2*x = -4*v - 2554. Let p = x + -875. What is the hundreds digit of p?
3
Let m(g) = -21*g**3 + 14*g**2 + 265*g + 54. What is the ten thousands digit of m(-11)?
2
Suppose 3*c = 5*m + 64 - 14, -2*m = -4*c + 34. Let s(d) = d**2 + d - 6. Let v be s(m). What is the hundreds digit of 24/v - (-788)/6?
1
Let u = 242 + -165. What is the hundreds digit of 21/(3/(-21)*u/(-198))?
3
Suppose -q + q - 10*q = -4470. What is the tens digit of q?
4
Let y be ((-6)/(-4))/(-4 + 86/20). Suppose -5*n = -0*f + 2*f - 32, -31 = -f + y*n. What is the tens digit of f?
2
Suppose 45*v - 407*v + 24759352 = 0. What is the hundreds digit of v?
3
Let w = -6919 - -17445. What is the units digit of w?
6
Suppose -3 = -4*l - 11. Let u(w) = 37*w**2 - w - 4. What is the units digit of u(l)?
6
Let p(w) = 8 - 13*w + w - 5 + 1. Let v be p(2). Let h = 83 + v. What is the tens digit of h?
6
Let w = -6352 - -16194. What is the thousands digit of w?
9
Let n(v) = -17*v - 8. Let j be n(-12). Let y = j - 101. Suppose -2*p = -12*m + 17*m - y, 0 = -3*p - m + 110. What is the units digit of p?
5
Let z be 36/(-10)*(175/(-10))/7. Suppose 0 = z*o - 15*o - 3870. What is the tens digit of (o/(-20))/3*4?
4
Let n be (3/2)/(2060/256 - 8). Suppose n*z = 36*z - 12. What is the units digit of z?
3
Let g(q) = -177*q + 581. What is the thousands digit of g(-10)?
2
Let p = 35481 - 11422. What is the hundreds digit of p?
0
Suppose 5*k + 15 = -2*p, 5*p = 3*k + 15 + 25. Let v(r) = 24*r + 123. What is the units digit of v(p)?
3
Let f = -13 - -22. Let m(b) = -3 - 2*b**3 - 18*b + 3*b**3 + 35*b - f - 8*b**2. What is the units digit of m(8)?
4
Suppose 2*o - 7 = -1. Suppose -b + 96 = -5*b - 3*i, -o*i + 12 = 0. Let l = 29 + b. What is the units digit of l?
2
Let y be ((-366)/10)/(-1 - (-22)/20). Let x = y + 667. What is the hundreds digit of x?
3
Suppose -6*f + 3*c = -5*f - 630, 2*c = 5*f - 3085. Suppose 15*s - 2*m = 14*s + 295, -m + f = 2*s. What is the hundreds digit of s?
3
Let h = 69 + -65. Suppose -5*s = -h*s - 2*o - 489, -2*s + 1006 = 3*o. What is the tens digit of s?
9
Suppose 15 + 1 = 5*m + z, 3*z - 15 = -4*m. Let u be -402*(-3)/6 - 3. Suppose -y - a = -2*a - 74, 0 = -m*y - 5*a + u. What is the units digit of y?
1
Let h(u) = 42*u**3 - 2*u**2 - 3*u - 3. Let x be h(-2). Let f = -6 - x. What is the units digit of f?
5
What is the tens digit of 74706/14 - 22/231*-9?
3
Let v be (6/(-2) - -61)/1. Let d be v/3 - (-6)/9. Suppose 0 = 4*r + d, 5*i - 6*i + 146 = -2*r. What is the tens digit of i?
3
Let m = -17 + 19. Suppose -5*r - 19 = 2*i - 6*r, 0 = i - 3*r + m. Let q(u) = 3*u + 42. What is the units digit of q(i)?
9
Let c(w) = w**3 + 18*w**2 - 41*w + 23. Let o be c(-20). Suppose o*v - 996 = 39*v. What is the tens digit of v?
4
Suppose 0 = -24*z + 22*z - 884. Let o = 48 - z. What is the hundreds digit of o?
4
Suppose 0 = 2*u + u + 36. What is the hundreds digit of ((-1388)/u + 3)*3/2?
1
Let f(p) = 524*p**2 + 82*p + 164. What is the tens digit of f(-2)?
9
Let m(f) = f**2 + 25*f + 4. Let g(u) = -u - 1. Let z(a) = 6*g(a) + m(a). Let h(t) be the first derivative of z(t). What is the units digit of h(-9)?
1
Suppose 14*a - 9*a - 175 = 0. Suppose -21 = -14*g + a. Suppose 0 = -g*t + 7*t - 327. What is the tens digit of t?
0
Let d(k) = k**3 - k**2 - k. Let l be d(2). Let x(t) = 8*t**2 - t**3 + 60*t + 2*t**2 + 11 - 5*t**l - 58*t. What is the tens digit of x(5)?
2
Let h = 4624 + -1517. What is the hundreds digit of h?
1
Suppose 0*g + 4*s + 17 = 3*g, -4*g - 2*s = -8. Let u be (-24)/(-2)*g/(-4). Let r(a) = 2*a**2 + 11*a + 9. What is the tens digit of r(u)?
7
Let i(u) = u**3 + u**2 + 3*u + 80. Let j = 14 - 14. Suppose j = -q + 2*q. What is the units digit of i(q)?
0
Let c be -2 + 2 + -4*132/(-8). Suppose c*p - 64*p + 90 = 0. What is the units digit of (p/(-25))/(2/20)?
8
Let k(f) = 2516*f - 17. Let a(y) = -1259*y + 10. Let h(s) = 11*a(s) + 6*k(s). What is the hundreds digit of h(1)?
2
Suppose 113*c - 109*c = 0. Suppose c = -0*f - 4*f + 1864. What is the tens digit of f?
6
Let j(a) = -a**3 + a**2 + 13*a - 20. Let n be j(-8). Suppose -4*k = -4*p - n, -2*p - 2*k - 214 = -0*p. Let b = 171 + p. What is the units digit of b?
1
Let m be 32/80 + 343/5. Let z = m + -127. Let x = 109 + z. What is the tens digit of x?
5
Suppose -2*b = -0*b - 13998 + 2256. What is the tens digit of b?
7
Let r be (31/2)/((-5)/(-430)). Suppose -4150 = -5*k + 2*z, z - r = -k - 496. What is the units digit of k?
2
Suppose -2*y - 2*s = -7551 - 1231, -4*s = -5*y + 21982. What is the thousands digit of y?
4
Suppose 64*x = 72*x + 48. What is the tens digit of (-265360)/(-180) - x/27*-1?
7
Let t = -21014 + 31795. What is the thousands digit of t?
0
Let w = 126 - -602. Let n = w + -296. What is the hundreds digit of n?
4
Let i be -3*((-3)/27)/((-2)/(-12)). Suppose y = i*w - 482, y + 1202 = 12*w - 7*w. What is the units digit of w?
0
Let h(w) = -273*w - 161. Let g(r) = 135*r + 80. Let f(b) = -9*g(b) - 4*h(b). What is the hundreds digit of f(-5)?
5
Suppose -q = -5*w - 24937, -5*q + 143*w - 148*w + 124505 = 0. What is the ten thousands digit of q?
2
Let c(f) = -2*f**3 - 3*f**2 - 12*f - 8. Let y be c(-4). Let q = -110 + y. Let m(s) = 2*s**2 - 13*s + 15. What is the units digit of m(q)?
5
Let v(j) = -j**3 - 22*j**2 - 45*j - 34. Let s be v(-20). Suppose 63*c + 669 = s*c. What is the tens digit of c?
2
Suppose c - 428 = -u, c = -3*u - c + 1279. Suppose 419*b - u*b + 980 = 0. What is the hundreds digit of b?
2
Suppose 34*i - 1235177 + 311705 = 12*i. What is the hundreds digit of i?
9
What is the thousands digit of 537/1969 - 46593/(-11)?
4
Supp